ber?
True
Let h = -27 - -7. Is h/15*282/(-4) a composite number?
True
Let x(w) = 25*w + 9. Is x(8) composite?
True
Suppose 0 = u - 2*u - 162. Let j = u - -395. Is j a prime number?
True
Let o(q) = 12*q**2 - 5*q + 17. Let r be o(-5). Let m be (-722)/4 + 2/(-4). Let p = m + r. Is p composite?
True
Let q(c) = -4 - 5*c - 1 + 2*c**2 - 3*c - c**2. Is q(-6) a prime number?
True
Is (498/(-12) + -3*1)*-26 a composite number?
True
Is (-1918)/(-4) + 1/(-2) a prime number?
True
Suppose -5*w - n = -4*w - 2, 2*w + 4*n - 4 = 0. Is w a composite number?
False
Let q = -10222 - -17061. Is q composite?
True
Let v be 6/(-21) + (-16)/(-7). Suppose -m - v = -0*m. Is 1*-3 - 108/m prime?
False
Suppose 0 = 4*n - 6*n + 24. Suppose -5*k + n + 143 = 0. Suppose -y + k = 5*v - 6, -v + 139 = 3*y. Is y a composite number?
False
Let b be 18/2*(-3)/(-9). Suppose 5*w = -t + 36 + 21, -2*t - b*w = -86. Is t composite?
False
Let a = 101 + 110. Is a a composite number?
False
Let n(b) = b**3 + 8*b**2 - 13*b - 1. Suppose h + 32 = 9. Let u = h + 14. Is n(u) composite?
True
Let z(y) = 9*y**2 + 6*y - 5. Is z(4) a composite number?
False
Let f be (-4 + 3)/(2/(-6)). Suppose 2*z + 750 = 3*z - 5*c, -4*c - 2239 = -f*z. Is z prime?
False
Suppose 2*m - 10 = 0, 2*m = 5*g + 4*m - 115. Let q = 56 - g. Is q prime?
False
Let m be ((-8)/(-5))/(3/795). Suppose -2*p + 28 = -m. Is p/12 - 2/(-12) a composite number?
False
Let v be (-1 - -8)/(6/6). Suppose 3*k - v*l - 409 = -3*l, 3*k = -4*l + 377. Is k prime?
True
Suppose -2*v + 2318 = -3252. Is v composite?
True
Let j(f) = -f**3 + 8*f**2 - 3*f - 17. Let z be j(8). Let i = z + 256. Is i a prime number?
False
Suppose j - 4 + 3 = 0. Suppose z + j = -3. Let p(n) = -n**3 + 2*n + 1. Is p(z) a composite number?
True
Suppose n - 4*y - 75 = 0, 2*n - 153 = -0*n + 5*y. Suppose 0 = -k + n - 21. Is k a composite number?
True
Suppose 0*n + 2*g + 23 = 5*n, -19 = -5*n + g. Suppose 0 = -x - n*x + 28. Is x a prime number?
True
Let t be (2 - 2)/(-1*2). Suppose t = 4*g - 4*d - 240, 2*d - 132 = -2*g - 2*d. Is g composite?
True
Let n be (1 - 2) + 2/(-2). Is n*14/(-4)*1 a prime number?
True
Let i = 5 - 0. Let b be ((-4)/i)/((-2)/5). Suppose 0 = b*v + 3*v - 195. Is v prime?
False
Suppose 4*s - 9 = 11. Suppose m + 3 = 3*k - 0, s = -5*k + 5*m. Is -2 - (-10 - (-1 + k)) a prime number?
False
Is 2386*4*1/8 a prime number?
True
Let i(l) = -3*l + 3. Let b(n) = 1. Let y(m) = 4*b(m) - i(m). Let o be y(3). Is (o/6)/(4/60) a composite number?
True
Let f = -4 - -9. Suppose -f*p = -3 - 7, 3*p + 158 = 4*l. Let h = -6 + l. Is h a prime number?
False
Suppose 5*x = 4*c + c - 1175, -x - 4*c - 255 = 0. Let j = x + 492. Is j composite?
True
Let s(j) = 3*j**2 + 8*j - 6. Let d be s(-9). Suppose -4*l - l + d = 0. Is l prime?
False
Suppose 5*x - 1417 = 2*y + 11482, -4*x + 10326 = -5*y. Is x a prime number?
True
Let t = 102 + -57. Suppose -y + t = q - 49, -y = -q + 96. Is q composite?
True
Suppose -5*c - 2*o = 52, 2*o = -4*c - 3*o - 45. Is c*((-15)/2 - -2) a prime number?
False
Suppose -3*v + 0*v = 5*j - 240, 5*j - 240 = 3*v. Suppose -4*n + 180 = j. Is n composite?
True
Let o = 4821 - -1036. Is o a prime number?
True
Suppose -b + 9 = 4*f, 0 = -2*b + b - f. Let w(m) = 3 - 3 + 2*m**2 + 3*m + 2. Is w(b) a prime number?
True
Let a = 9 - 6. Suppose 0 = -z + 5*h + 89, 2*z = -a*z - h + 393. Is z a prime number?
True
Suppose -m - b + 19 = 4*b, 5*b - 31 = -4*m. Let g(j) be the first derivative of j**4/2 - 7*j**3/3 + 5*j**2/2 + j + 3. Is g(m) a composite number?
False
Let d(s) = 30*s - 3. Let y be d(2). Let q be (-2 - -3)*(y - 0). Suppose 4*j - q = 27. Is j a prime number?
False
Let r(s) = s**3 - 16*s**2 + 45*s + 19. Is r(16) prime?
True
Let d(p) = p**3 - 5*p**2 - 6*p. Let i be d(6). Suppose 2*c + 3*v = i, 5*c = 3*v - 2*v. Suppose s - 11 = -c. Is s a prime number?
True
Let t(d) = -33*d**3 + 2*d**2 - 1. Is t(-2) a composite number?
False
Let w = 738 + -487. Is w composite?
False
Suppose 2*x = -0*p + 3*p + 29, 105 = 5*x - p. Suppose -3*i = -i - x. Is i prime?
True
Let i(m) = -m**3 + 9*m**2 + m - 7. Let o be i(9). Let h be o/11 + 42/11. Suppose 0 = 2*r - 3*q - 181, 5*r - h*q - 430 = -q. Is r a prime number?
True
Let y(a) = -5*a - 9. Is y(-16) a composite number?
False
Let p(d) = -6*d. Let w be p(1). Let c = 37 + w. Is c a prime number?
True
Let a(s) = 502*s**2 - s - 1. Let w be a(-1). Is w/(3/3 - -1) a prime number?
True
Suppose 2*v + 1 = -11. Let l = 9 - v. Is l composite?
True
Let f(m) be the third derivative of 2*m**2 + 1/6*m**4 + 0 + 0*m - 1/3*m**3. Is f(4) composite?
True
Let x(s) = 5*s**2 - 7*s + 7. Let h(d) = 4*d**2 + 6. Let r(z) = z. Let n(o) = h(o) - 6*r(o). Let c(k) = 3*n(k) - 2*x(k). Is c(3) composite?
True
Let f = 295 - 178. Suppose 0*y + y = f. Is (-2)/(-8) - y/(-12) a composite number?
True
Let j be 6 - 1/(1 + 0). Suppose -j*s + 25 = 5*h, s - 2*h = -0 - 7. Is (s/3)/((-3)/(-333)) composite?
False
Suppose 73 = -3*l + 184. Is l composite?
False
Let h(v) = 42*v**3 - 2*v. Let u be h(2). Suppose 3*w - 7*w + u = 0. Is w a prime number?
True
Suppose y + 2*c - 6 = 3*c, 0 = 5*y + 4*c - 12. Is 10 - (2 + y/4) prime?
True
Suppose 5*c - 1180 = c. Suppose 4*g + 5*s - 204 = 97, 4*g - c = s. Suppose -3*o = -o - g. Is o prime?
True
Let l = 2956 + -2067. Is l prime?
False
Let p be (-501)/6*1*-2. Let y = -108 + p. Is y composite?
False
Let g(o) = -27*o**3 - o**2 - 2*o - 1. Let h be g(-1). Is (-6)/h + (-1343)/(-9) a prime number?
True
Suppose -4 = d + 2*p, -2 = -2*d + 6*d + p. Let t(q) = -q**3 + q**2 + q + 34. Is t(d) a prime number?
False
Suppose -f = -4*s - 97, s + 359 = 3*f + 24. Is f*((-3)/(-1) + -2) composite?
False
Let k = 151 + -81. Suppose k = h + h. Suppose 0 = 2*b - 99 - h. Is b composite?
False
Suppose 151*y + 10629 = 154*y. Is y a prime number?
False
Suppose 0 = -0*d - d + 2. Let o(x) = -x**3 - 1 - d + 0*x + 6*x**2 - x. Is o(4) a prime number?
False
Let s(y) = 6*y**3 - y + 2. Let r be (-10)/(-15) - (-34)/(-6). Let p = r - -8. Is s(p) prime?
False
Let l = -23 + 65. Suppose -5*u - 26 = -4*x - 113, 2*u = 5*x + 113. Let k = x + l. Is k prime?
True
Suppose -g - 75 = -4*h + 51, -4*g - 8 = 0. Is h a composite number?
False
Suppose -3318 = -5*r - 783. Suppose 3*y + r = 90. Let m = y - -342. Is m composite?
True
Let u(r) = 29*r - 11. Let t be u(11). Let h = 519 - t. Is h prime?
True
Suppose 8*v - 4*v = 12. Suppose 0 = v*o + o - 6236. Is o a prime number?
True
Suppose 14*h - 130 = 9*h. Is h a composite number?
True
Suppose i = 4*i - 1353. Is i a composite number?
True
Suppose 5*o - 840 = -2*p - 3*p, 4*p - 666 = -o. Suppose i - p = -i. Is i composite?
False
Suppose 0 = -3*h + 2*h + 5. Let m(k) = k**2 - 3*k - 5. Let a be m(h). Suppose -37 = -v - 0*v + w, -a*w = -3*v + 111. Is v prime?
True
Let r be (-4)/8 - (-742)/4. Suppose -d + r = 4*d. Is d a composite number?
False
Let y(r) = 109*r + 2. Is y(3) composite?
True
Let t(z) = 3*z**3 + 6*z**2 + 3*z - 10. Let f be t(7). Is -2*(-3 + f/(-4)) prime?
True
Let h be 0 + 5 - (-3)/(-1). Is 7*(0 - (1 - h)) a composite number?
False
Suppose -4*t - 2*s = 22, -21 = 3*t + 5*s + 6. Let b = t - -83. Is b prime?
True
Suppose g - 2*s + 52 = -91, -579 = 4*g - s. Let f = 4 - g. Is f a composite number?
False
Let d(v) = -31*v - 3. Let y(j) = 16*j + 2. Let p(m) = 3*d(m) + 5*y(m). Is p(-4) prime?
True
Is (2/((-4)/7))/(21/(-51366)) a prime number?
False
Let t be (6/15)/(6/30). Suppose -2*b = 5*s - 163, -t*b + 166 = -0*b + 4*s. Is b a prime number?
True
Let b be (4/6)/(5/330). Suppose 3*q - b = -4*z + q, q = 0. Suppose -2*s + 24 = 2*j - 0*j, 2*s + z = 3*j. Is j prime?
True
Let o(x) = 61*x**3 + x**2 + x + 3. Is o(2) composite?
True
Let o(j) = -11 + 2 + 18*j - 1 - j**2. Is o(7) composite?
False
Let m(n) = -n - 1. Let i(f) = -f + 5. Let s(z) = -i(z) + 3*m(z). Let l be s(-6). Suppose 2*q = 3*p + 4*q - 255, -323 = -l*p + 3*q. Is p a composite number?
False
Let c(s) = -4*s**2 - s**3 + 0*s**2 - 3*s + s. Is c(-5) prime?
False
Let b(o) = -o**2 + 5*o + 1. Let h be b(6). Let f = 9 + h. Suppose -r + 21 = f*s, 136 = 3*r + 5*s + 45. Is r prime?
True
Let x = -51 - -21. Is -68*(x/8)/3 prime?
False
Let v(w) = -75*w - 28. Is v(-19) a composite number?
True
Let p(l) be the third derivative of -3*l**6/40 + l**5/20 + 5*l**4/24 + l**3/3 + 2*l**2. Is p(-3) a prime number?
True
Let v = 141 + 12. Let j = v - 17. Is j